e
Suppose 297 = r + 3441. Let o = -585 - r. Is o composite?
True
Let f = 821 - 817. Suppose 0 = 2*h + 2*u - 19632, 7*h - 29436 = f*h + u. Is h composite?
True
Suppose 3*o = -3*l + 3693, -o = -2*l - 0*o + 2459. Let j be 10/(-3)*(-12)/8. Suppose 0 = 2*z + 4*a - 522, l = j*z - 7*a + 2*a. Is z prime?
True
Let h(k) be the first derivative of -k**4/4 - k**3/3 - k**2 - 8*k + 1. Let v be h(-2). Suppose -4*t = -2*d - 840, v*t + 5*d = t - 201. Is t a composite number?
False
Let b(f) = f**2 + 8*f - 62. Let u be b(-10). Is 10/35 + (-50934)/u prime?
True
Let u = 103 - 101. Suppose -3*m = -u*o - 6129, -9*o = -10*o + 3. Is m a prime number?
False
Let w(p) be the first derivative of p**2/2 + 25*p + 213. Let t = -7 - -20. Is w(t) composite?
True
Suppose 6 = -3*y, -1344518 = -44*u + 40*u + 5*y. Is u prime?
False
Suppose 2*a = 7*a - h - 353, 0 = 2*a + 3*h - 148. Let v = a - 83. Is 293/(2/(-10) - v/30) a prime number?
False
Suppose 5*c = 2*n + 10262349, 5230*c + 6157395 = 5233*c - 3*n. Is c composite?
False
Let k = -126013 - -186846. Is k a composite number?
True
Is 6*-273892*8/(-192) composite?
False
Let z(q) = 2357*q**3 + 4*q**2 - 21*q + 25. Is z(3) a composite number?
True
Let f = 23407 - 47231. Let a = -10931 - f. Is a a composite number?
False
Suppose -633*y + 299636 = 2*b - 630*y, 3*b + y - 449475 = 0. Is b composite?
False
Let y = 0 + 2. Let m = -1472 - -1475. Suppose 0 = -5*b - y*s + 178 + 1871, m*b - 1225 = s. Is b composite?
False
Let r be (18/(-27))/(1/(-14019)). Let s = -4049 + r. Is s composite?
False
Let f be ((-25)/(-15))/((-3)/27). Let b be (-4)/6 + (-25)/f. Is 75 + b*(-8)/(-2) a prime number?
True
Let q(l) = 15*l - 4. Let n(z) = 2*z - 10. Let x be n(-2). Let p be (-9 - -11) + x/(-2). Is q(p) a composite number?
False
Let r(j) = j**2 - 3*j + 8. Let n be r(3). Suppose 3*w - 3*d + 8*d = 10919, -n = 4*d. Is w prime?
True
Let y be 70/(-21)*12/(-10). Let x be y*9/12*2. Let z(q) = 2*q**3 + 4*q**2 + 3*q - 7. Is z(x) composite?
False
Let w(c) = 72578*c - 7759. Is w(7) prime?
True
Suppose 5*p + 2*t = -182, -3*p = -3*t + 33 + 72. Let u = 39 + p. Suppose 1009 = v + 2*h, v - u*h - 1009 = 2*h. Is v prime?
True
Let m(b) be the second derivative of 25*b**4/6 + 11*b**3/6 + b**2/2 - 34*b. Is m(-12) a composite number?
False
Suppose 0 = -10*n + 411 - 11. Is (-16)/n - 5391/(-15) composite?
False
Suppose -80422 = -m - 2*l, 3*m - 475*l + 476*l - 241276 = 0. Is m composite?
True
Suppose 0 = -27*b + 32*b + 5*r - 79370, 3*b - 47592 = 3*r. Is b prime?
False
Let a(t) = t**3 - 10*t**2 - 9*t + 18. Let u be a(13). Let g = -281 + u. Is g composite?
False
Let i(k) = -5*k**2 - k + 1. Let l be i(1). Let a(v) = v + 11. Let u be a(l). Is ((-99)/u)/((-12)/40) a composite number?
True
Let b(g) = -29*g**3 - 117*g**2 - 74*g - 131. Is b(-25) composite?
True
Let s(t) = t**2 - 9*t - 7. Let q be s(9). Let b(k) = 88*k**2 + 14*k - 14. Let v be b(q). Suppose 5*x + 245 = v. Is x prime?
False
Let q(o) = -3*o**2 + 4*o - 22. Let n be q(23). Let f = n - -2266. Suppose m - 4*r = f, -m - r - 4*r = -767. Is m composite?
False
Let t(m) = m**2 - 19*m + 13. Let d be t(18). Is (12/3 + d)/((-1)/337) composite?
False
Is (-1 - 0)*(37618/(-8) - 180/240) prime?
True
Let k = -115804 - -195765. Is k a prime number?
False
Let s(i) = i. Let c(p) = -p - 57. Let d(u) = -c(u) - 3*s(u). Let t be d(24). Suppose -t*f + 2166 + 93 = 0. Is f composite?
False
Let x = -652 + 688. Is 2/(-9) + 417500/x composite?
False
Let l = -373921 - -531182. Is l composite?
True
Let y(h) = 205468*h**2 + 7*h - 3. Is y(-2) composite?
True
Let r = 433 + -425. Let k(j) = 1304*j + 3. Is k(r) a prime number?
False
Let y be (46/(-2))/(2 + 1996/(-996)). Let w = 11234 - y. Is w composite?
False
Suppose -o + 16*o = 9503804 - 1038989. Is o a composite number?
True
Suppose -10 = -5*h, -4*c - 2*h = -6*c + 192. Let z = -103 + c. Is (1*-389)/(z + 4) a composite number?
False
Let d be 10138 - (-2 + 7) - 8. Let c = d - 2086. Is c prime?
True
Suppose -5*w = -4*v + 3*v - 84843, -w + 16973 = 2*v. Is w a prime number?
False
Let b be 133/21*((-36)/(-4) + 0). Let p = -5 - -8. Is p/(18/b)*(84 + -2) composite?
True
Let o(b) = -1935*b - 140. Let a be -4 - 1*56/8. Is o(a) composite?
True
Let t(w) = 69*w**2 + 8*w - 25. Let b be 1*-8*1/2*2. Is t(b) a prime number?
True
Let g(y) = 17806*y**2 + 143*y - 442. Is g(3) a prime number?
False
Suppose -17296 + 2545 = -11*w. Suppose -10*k + w = 81. Suppose k = n - 961. Is n a composite number?
False
Let h(v) = v + 16. Let l(y) = -2 - 4*y - 8 + 5 - 2. Let o be l(-3). Is h(o) a prime number?
False
Suppose 78*n + 1971126 = 96*n. Is n a composite number?
False
Let q(x) = 55*x**2 + 52*x - 293. Is q(62) prime?
True
Let m be (-3 - 93/(-6)) + (-2)/(-4). Suppose m = 7*b - 29. Suppose b*j - 15079 + 3781 = 0. Is j prime?
False
Suppose -323*v + 311*v = -2982948. Is v a composite number?
False
Let p(z) = -8192*z**3 + 21*z + 20. Is p(-1) a composite number?
False
Suppose -127867 = -3*d + 5*k, 0 = 170*d - 166*d - 3*k - 170504. Is d a prime number?
False
Suppose 3*c + 12 = 0, 12*o - 4*c - 352182 = 5984902. Is o composite?
True
Let n(v) = 93*v**3 + 9*v**2 + 15*v + 5. Is n(18) prime?
False
Suppose 0 = -61*c + 64*c. Suppose c = 33*y - 74202 - 280647. Is y a composite number?
False
Let u(i) = 70*i + 24. Let p be u(-7). Let j = p - -203. Is ((-3 - -3)/2)/(-2) - j a prime number?
True
Let r(i) = -i**3 - 23*i**2 + 22*i - 20. Let o be r(-22). Suppose -8*t = -361 + 2673. Let s = t - o. Is s composite?
True
Suppose 0 = 2*w - w. Let h be 1*((293 - w) + -1). Suppose 5*a - 1470 = -0*r + 5*r, a - h = 3*r. Is a a prime number?
False
Is 542285*(9/15 + (-96)/(-60)) a prime number?
False
Let u(j) = -9*j**2 - 17*j - 45. Let p be u(14). Let w = p + 3024. Is w prime?
True
Suppose -18269 = 9*c - 6*c + 5*i, -c - 3*i - 6083 = 0. Let a = -3493 - c. Is a a composite number?
True
Let a = 132 - 68. Suppose -10*y + a = 14. Suppose 5*l - 4556 = -3*p, -6384 = -y*l - p - 1822. Is l prime?
False
Let d(x) = -x**2 + 2*x + 12763. Is d(0) a composite number?
False
Is 441214 + (7 - (9 + (-2)/(-2))) a composite number?
True
Is -3 + (27/(-108))/((-2)/(-112516))*-4 composite?
True
Suppose 15 = -3*g + 462. Let w = 1698 + g. Is w composite?
False
Let n(t) = t**3 + 3*t**2 - 3*t + 3. Let u be n(2). Is (-6)/10 - ((-17104958)/65)/u a prime number?
False
Let o(s) = s**3 + 28*s**2 - 44*s + 65. Suppose 62 = -5*q - 73. Is o(q) a prime number?
False
Suppose -4431*r + 4425*r + 192306 = 0. Is r a prime number?
True
Is (17 - (-1666182)/(-140))/((-1)/10) a composite number?
False
Suppose -3*p + 12318 = 10*a - 8*a, 2*p - 8212 = 2*a. Is p composite?
True
Let o(r) = 434*r + 2355. Is o(46) a prime number?
False
Suppose -3*v + 25*d - 23*d = -78711, -4*v + 2*d + 104948 = 0. Is v a prime number?
True
Suppose 0 = -5*a + z + 46, 4*z = -10*a + 11*a + 6. Suppose -a*s = 4*s - 48846. Is s a composite number?
True
Suppose -113*s - 34009 = -114*s - o, 102039 = 3*s + 5*o. Is s prime?
False
Let q = -10277 - -5367. Let i = q - -8205. Is i a composite number?
True
Suppose -28*w + 3906721 + 2613331 = 16*w. Is w prime?
False
Is (-3709)/((-95796)/5634 - -17) composite?
True
Suppose -3*k = 2*p - 1897330, -12*k + 16 = -8*k. Is p composite?
False
Is (-95253)/9*(208/(-80) - 8/20) composite?
False
Let w(x) = 5 + 14 - 13 + 2 + 22*x. Is w(17) composite?
True
Let k(o) = 11*o**2 - 12*o + 3. Let c be k(-11). Let y = c - 378. Let p = y - 639. Is p a composite number?
False
Is ((-5)/10*4)/(26/(-3774589)) prime?
False
Let z(t) = 26*t**3 + 2*t**2 + 11. Let v be 1 + 9/6 + 4/(-8). Let p(o) = 13*o**3 + o**2 + 5. Let a(w) = v*z(w) - 5*p(w). Is a(-5) composite?
False
Let f be 2 + 1 + 74150 + 6. Let u = f + -52204. Is u prime?
False
Suppose -4*k - f + 270404 = 0, -5*k + 4*f - 39828 = -377833. Is k composite?
False
Suppose 43*s + g = 39*s + 14209, -s + 3*g = -3536. Is s composite?
True
Let n(y) = -99*y - 14. Let d = 24 - 36. Let h be (-2)/(d/(-34)) - 36/(-54). Is n(h) a composite number?
True
Is (822/9)/((110/(-495))/((-2518)/6)) prime?
False
Let g = 78645 - 38354. Is g a composite number?
True
Suppose 0 = -l - 1 + 13. Let o be ((245070/l)/15)/((-1)/(-2)). Let n = 4160 - o. Is n a composite number?
True
Let u = 98 + -106. Let y(d) = 249*d**2 + 5*d + 11. Is y(u) a composite number?
False
Let q be (4 + -3)*-2 - 1. Let u be (4 - (5 + q))